55983274877 composite?
False
Is 270279294809 composite?
False
Is 528864857 a composite number?
False
Is 21670841453 prime?
False
Is 127637089 prime?
True
Is 194662709 a prime number?
True
Is 1432295547 prime?
False
Is 8082488839 prime?
True
Is 213208195 composite?
True
Is 17566147163 prime?
True
Is 317353147 a composite number?
True
Is 21901571 a prime number?
True
Is 1729823597 composite?
False
Is 434875577 a composite number?
False
Is 1946273011 prime?
True
Is 2065903381 composite?
True
Is 3180365557 composite?
True
Is 1461904117 composite?
True
Is 1693954363 composite?
False
Is 456562481 composite?
False
Is 164038741 a composite number?
False
Is 2405437707 a prime number?
False
Is 33762281459 a prime number?
True
Is 2046565207 composite?
False
Is 105278211617 a prime number?
True
Is 889407767 a composite number?
True
Is 7498076863 composite?
False
Is 2241290981 a composite number?
False
Is 5963780393 a composite number?
False
Is 40939102 prime?
False
Is 1851025361 a prime number?
False
Is 824851 composite?
True
Is 290023091 a prime number?
False
Is 29020834823 prime?
True
Is 1221851137 a prime number?
False
Is 14030442307 composite?
True
Is 68016058433 prime?
False
Is 8920778077 a composite number?
False
Is 352673227 a prime number?
False
Is 661283341 a composite number?
True
Is 7266355969 prime?
False
Is 306363458139 prime?
False
Is 10890419 composite?
True
Is 11661524257 composite?
False
Is 9002783 prime?
False
Is 12241567447 composite?
False
Is 13116126029 prime?
True
Is 4719688927 a prime number?
False
Is 939446867 a prime number?
True
Is 6198021917 a composite number?
False
Is 9314345707 prime?
True
Is 41695111 a composite number?
False
Is 10055374709 composite?
True
Is 387041689 prime?
True
Is 1148433193 composite?
False
Is 1704123173 composite?
False
Is 225263965423 a prime number?
False
Is 1153923071 composite?
True
Is 4151997361 a composite number?
True
Is 3877329497 a prime number?
True
Is 26463421097 a composite number?
True
Is 90374068357 a composite number?
False
Is 3808163231 prime?
True
Is 21102816409 a prime number?
True
Is 4234628761 prime?
False
Is 198705473 a composite number?
True
Is 2847503801 composite?
True
Is 138554182007 a prime number?
False
Is 11298858607 a prime number?
True
Is 235981279 a prime number?
True
Is 1973443223 a prime number?
True
Is 23506660637 prime?
False
Is 460939891 composite?
True
Is 12909997803 a prime number?
False
Is 132977839 composite?
False
Is 3729689 a composite number?
True
Is 1190667341 a composite number?
False
Is 10541842271 composite?
False
Is 2708659843 prime?
False
Is 11213446754 prime?
False
Is 7880815367 prime?
False
Is 92797058 prime?
False
Is 1261667779 a composite number?
False
Is 33692987677 prime?
True
Is 185316089333 a prime number?
False
Is 601015211 prime?
True
Is 1020439627 a composite number?
False
Is 93142927459 a composite number?
False
Is 81146604397 a composite number?
True
Is 26523284743 a prime number?
True
Is 8276087333 a prime number?
False
Is 2592687821 composite?
True
Is 2128064699 a composite number?
False
Is 931795651 prime?
False
Is 70469891003 composite?
False
Is 944232749 a prime number?
True
Is 2753517497 a composite number?
True
Is 19621416653 prime?
True
Is 203999806403 composite?
True
Is 109613334371 composite?
True
Is 15275255911 a composite number?
False
Is 78299822053 composite?
True
Is 744680041 composite?
True
Is 2953558967 composite?
False
Is 1298089631 composite?
False
Is 16859999081 a prime number?
False
Is 31070469805 prime?
False
Is 1137791939 composite?
True
Is 1197673157 prime?
False
Is 111849629 a prime number?
True
Is 2271808457 a prime number?
True
Is 65858276327 composite?
False
Is 1956705103 a prime number?
False
Is 38117964979 prime?
False
Is 2328545999 a composite number?
True
Is 916757687 a prime number?
True
Is 702854981 prime?
True
Is 1772671783 prime?
False
Is 2212489513 a composite number?
True
Is 374422291 a composite number?
True
Is 213911571 a composite number?
True
Is 137882273 a prime number?
True
Is 54222283519 a prime number?
True
Is 1648525733 prime?
True
Is 55442441 composite?
True
Is 25914602002 a prime number?
False
Is 5632145741 a composite number?
False
Is 114210677297 composite?
False
Is 5415361927 composite?
False
Is 448094705 a prime number?
False
Is 549687569 prime?
False
Is 327345451 a prime number?
False
Is 865556345 composite?
True
Is 20716919 prime?
True
Is 414873617 prime?
True
Is 14854692049 a prime number?
True
Is 2000570951 composite?
True
Is 65112120551 composite?
False
Is 37718921497 a prime number?
True
Is 33836491657 prime?
True
Is 10913671777 a composite number?
True
Is 70963987781 composite?
False
Is 2851510877 a composite number?
False
Is 26918362441 prime?
True
Is 13248225215 a composite number?
True
Is 4035219379 prime?
True
Is 76836711506 a composite number?
True
Is 28330113731 a prime number?
False
Is 5986920307 prime?
False
Is 558425059 composite?
False
Is 607093961 prime?
True
Is 32526798767 a composite number?
True
Is 466625297 composite?
False
Is 225405769 a prime number?
False
Is 229975607 composite?
False
Is 2454027467 composite?
True
Is 20299061227 prime?
False
Is 2899314157 composite?
True
Is 1150528153 a prime number?
True
Is 444778963 composite?
False
Is 65567393 a prime number?
False
Is 108198833 a prime number?
True
Is 134553404203 a composite number?
True
Is 627616205 prime?
False
Is 1244678177 composite?
False
Is 114991453 a prime number?
True
Is 899528869 prime?
True
Is 36024328049 a prime number?
False
Is 690234931 a composite number?
False
Is 268109297 composite?
True
Is 518002531 prime?
False
Is 1289471203 composite?
True
Is 7652811703 a composite number?
False
Is 7036677623 a composite number?
False
Is 942262469 composite?
True
Is 6013761287 prime?
True
Is 8334027913 prime?
False
Is 17652544153 a composite number?
False
Is 66645634571 composite?
False
Is 70800001523 a prime number?
False
Is 20927532917 prime?
False
Is 229105757 a prime number?
True
Is 12478277803 a composite number?
False
Is 116255093 a prime number?
False
Is 4044814883 a prime number?
False
Is 2003309381 prime?
True
Is 22410180722 a prime number?
False
Is 1980948161 prime?
True
Is 914828813 a prime number?
False
Is 1072024649 prime?
False
Is 2413277141 a composite number?
True
Is 6003510337 a composite number?
True
Is 275570293 composite?
True
Is 1549541641 a prime number?
True
Is 50221955249 a prime number?
False
Is 1618926227 a composite number?
True
Is 5084452183 composite?
False
Is 358008247 a composite number?
True
Is 210159359 a composite number?
False
Is 2215749521 a prime number?
False
Is 464598041 a composite number?
False
Is 15029806789 a prime number?
True
Is 8981475103 composite?
False
Is 9976732319 a composite number?
True
Is 466465418 prime?
False
Is 33848238201 a composite number?
True
Is 880567669 a prime number?
True
Is 823707767 a composite number?
True
Is 1622355949 a composite number?
True
Is 6617711381 prime?
False
Is 1111865107 a prime number?
True
Is 7784017421 a composite number?
False
Is 12009525289 prime?
True
Is 891066229 prime?
True
Is 9760801093 composite?
True
Is 4260205522 a composite number?
True
Is 235237957 composite?
False
Is 11611723457 composite?
True
Is 110138709295 a composite number?
True
Is 20304666311 a composite number?
False
Is 1626283301 composite?
True
Is 103510111637 prime?
True
Is 7467794947 a composite number?
False
Is 7393681313 prime?
False
Is 159437221 composite?
False
Is 771103427 composite?
False
Is 34103797523 prime?
True
Is 6920021431 a prime number?
False
Is 854003767 composite?
False
Is 559122559 a prime number?
True
Is 8250013471 composite?
True
Is 661722557 composite?
True
Is 1777169353 a composite number?
False
Is 1686382181 composite?
True
Is 654099916357 a composite number?
False
Is 114986083 composite?
False
Is 4063921231 prime?
True
Is 21769856177 composite?
False
Is 16050295139 a prime number?
True
Is 50921915755 a prime number?
False
Is 4451562979 a prime number?
False
Is 364094521 a prime number?
False
Is 84038785027 prime?
False
Is 512763611 a prime number?
False
Is 3648322373 a composite number?
True
Is 2061763901 prime?
False
Is 139753919 a composite number?
True
Is 91879793 a prime number?
False
Is 31226851 prime?
True
Is 74805250